{"id":991,"date":"2016-11-30T17:04:00","date_gmt":"2016-11-30T17:04:00","guid":{"rendered":"http:\/\/www.hirvarit.fi\/teatteri\/?page_id=991"},"modified":"2025-08-19T21:02:19","modified_gmt":"2025-08-19T21:02:19","slug":"bremenin-paras-bandi","status":"publish","type":"page","link":"https:\/\/www.hirvarit.fi\/teatteri\/menneet-naytelmat\/bremenin-paras-bandi\/","title":{"rendered":"Bremenin paras b\u00e4ndi"},"content":{"rendered":"<h2><a href=\"http:\/\/www.hirvarit.fi\/teatteri\/wp-content\/uploads\/2016\/11\/bremen_nettijuliste.jpg\"><img fetchpriority=\"high\" decoding=\"async\" class=\"alignnone size-full wp-image-989\" src=\"http:\/\/www.hirvarit.fi\/teatteri\/wp-content\/uploads\/2016\/11\/bremen_nettijuliste.jpg\" alt=\"bremen_nettijuliste\" width=\"612\" height=\"859\" title=\"Bremenin paras b\u00e4ndi\" srcset=\"https:\/\/www.hirvarit.fi\/teatteri\/wp-content\/uploads\/2016\/11\/bremen_nettijuliste.jpg 612w, https:\/\/www.hirvarit.fi\/teatteri\/wp-content\/uploads\/2016\/11\/bremen_nettijuliste-214x300.jpg 214w\" sizes=\"(max-width: 612px) 100vw, 612px\" \/><\/a><\/h2>\n<p><a href=\"http:\/\/www.hirvarit.fi\/teatteri\/bremen-ajo-ohjeet-ja-kartta\/\">NUORISOTALO MOOSE\u00b4S,<\/a> 26.3.-9.4.2017<\/p>\n<p>Bremenin paras b\u00e4ndi on leikkimielinen tulkinta tutusta Bremenin soittoniekkojen sadusta. Pikkuhirvareiden k\u00e4sittelyss\u00e4 vanha tarina on kulkenut huumorimankelin l\u00e4pi, ja t\u00e4ll\u00e4 kertaa omistajiensan hylk\u00e4\u00e4m\u00e4t kotiel\u00e4imet, hienohelma-kissa, kananeitej\u00e4\u00e4n kaipaava kukko, politiikasta kiinnostunut koira, sek\u00e4 turun murteella turinoiva aasi p\u00e4\u00e4tt\u00e4v\u00e4t perustaa yhteisen b\u00e4ndin. Treenik\u00e4mpp\u00e4\u00e4 etsiess\u00e4\u00e4n nelikko l\u00f6yt\u00e4\u00e4 tiens\u00e4 hiukan h\u00f6mel\u00f6n rosvojoukon piilopaikkaan, ja pian kopla keksiikin huonosti sujuneille rosvobisneksille oivan vaihtoehdon&#8230;<\/p>\n<p>Jorma Nurmisen ja Minna-Stiina Saariston dramatisoima n\u00e4ytelm\u00e4 sopi Pikkuhirvareille mainiosti: Tarina on hauska ja vauhdikas, mutta teksti tarjoaa sopivasti haastettakin n\u00e4yttelij\u00e4nty\u00f6t\u00e4 opetteleville, 6-11-vuotiaille lapsille. N\u00e4ytelm\u00e4\u00e4 esitettiin Hirvensalon Nuorisotalo Moose\u00b4sin tilasssa 7 kertaa, ja sen n\u00e4ki kaikkiaan 198 katsojaa.<\/p>\n<h3><a href=\"http:\/\/www.ts.fi\/kulttuuri\/nayttamotaide\/3451685\/Teatteriarvio+Jokainen+saa+tahtihetkensa\">LUE TURUN SANOMIEN ARVIO ESITYKSEST\u00c4<\/a><\/h3>\n<h3><a href=\"http:\/\/www.hirvarit.fi\/teatteri\/bremenin-paras-bandi-kuvia\/\">VALOKUVIA<\/a><\/h3>\n","protected":false},"excerpt":{"rendered":"<p>NUORISOTALO MOOSE\u00b4S, 26.3.-9.4.2017 Bremenin paras b\u00e4ndi on leikkimielinen tulkinta tutusta Bremenin soittoniekkojen sadusta. Pikkuhirvareiden k\u00e4sittelyss\u00e4 vanha tarina on kulkenut huumorimankelin l\u00e4pi, ja t\u00e4ll\u00e4 kertaa omistajiensan hylk\u00e4\u00e4m\u00e4t kotiel\u00e4imet, hienohelma-kissa, kananeitej\u00e4\u00e4n kaipaava kukko, politiikasta kiinnostunut koira, sek\u00e4 turun murteella turinoiva aasi p\u00e4\u00e4tt\u00e4v\u00e4t<\/p>\n","protected":false},"author":1,"featured_media":0,"parent":971,"menu_order":0,"comment_status":"closed","ping_status":"closed","template":"","meta":{"footnotes":""},"class_list":["post-991","page","type-page","status-publish","hentry"],"_links":{"self":[{"href":"https:\/\/www.hirvarit.fi\/teatteri\/wp-json\/wp\/v2\/pages\/991","targetHints":{"allow":["GET"]}}],"collection":[{"href":"https:\/\/www.hirvarit.fi\/teatteri\/wp-json\/wp\/v2\/pages"}],"about":[{"href":"https:\/\/www.hirvarit.fi\/teatteri\/wp-json\/wp\/v2\/types\/page"}],"author":[{"embeddable":true,"href":"https:\/\/www.hirvarit.fi\/teatteri\/wp-json\/wp\/v2\/users\/1"}],"replies":[{"embeddable":true,"href":"https:\/\/www.hirvarit.fi\/teatteri\/wp-json\/wp\/v2\/comments?post=991"}],"version-history":[{"count":11,"href":"https:\/\/www.hirvarit.fi\/teatteri\/wp-json\/wp\/v2\/pages\/991\/revisions"}],"predecessor-version":[{"id":1262,"href":"https:\/\/www.hirvarit.fi\/teatteri\/wp-json\/wp\/v2\/pages\/991\/revisions\/1262"}],"up":[{"embeddable":true,"href":"https:\/\/www.hirvarit.fi\/teatteri\/wp-json\/wp\/v2\/pages\/971"}],"wp:attachment":[{"href":"https:\/\/www.hirvarit.fi\/teatteri\/wp-json\/wp\/v2\/media?parent=991"}],"curies":[{"name":"wp","href":"https:\/\/api.w.org\/{rel}","templated":true}]}}