{"id":3683,"date":"2025-11-29T15:08:22","date_gmt":"2025-11-29T15:08:22","guid":{"rendered":"https:\/\/www.hirvarit.fi\/teatteri\/?page_id=3683"},"modified":"2025-12-03T16:29:13","modified_gmt":"2025-12-03T16:29:13","slug":"veljeni-leijonamieli-tulossa-helmikuussa","status":"publish","type":"page","link":"https:\/\/www.hirvarit.fi\/teatteri\/liput\/veljeni-leijonamieli-tulossa-helmikuussa\/","title":{"rendered":"Veljeni Leijonamieli tulossa helmikuussa!"},"content":{"rendered":"\n<p class=\"has-medium-font-size\"><strong><em>Tule ihastumaan Astrid Lindgrenin klassikkoteokseen!<\/em><\/strong><\/p>\n\n\n\n<figure class=\"wp-block-image size-full is-resized\"><a href=\"https:\/\/www.hirvarit.fi\/teatteri\/wp-content\/uploads\/2025\/11\/WhatsApp-Image-2025-11-28-at-15.53.56-1.jpeg\"><img fetchpriority=\"high\" decoding=\"async\" width=\"1080\" height=\"1350\" src=\"https:\/\/www.hirvarit.fi\/teatteri\/wp-content\/uploads\/2025\/11\/WhatsApp-Image-2025-11-28-at-15.53.56-1.jpeg\" alt=\"whatsapp image 2025 11 28 at 15.53.56\" class=\"wp-image-3684\" style=\"width:469px;height:auto\" title=\"Veljeni Leijonamieli tulossa helmikuussa!\"><\/a><\/figure>\n\n\n\n<p><em>\u201cNyt min\u00e4 rupean kertomaan veljest\u00e4ni. Veljeni on Joonatan Leijonamieli, h\u00e4nest\u00e4 min\u00e4 kerron. T\u00e4m\u00e4 on melkein kuin satu, mutta ihan v\u00e4h\u00e4n kummitusjuttu my\u00f6s, ja silti kaikki on totta. Vaikka sit\u00e4 ei kyll\u00e4 kukaan muu tied\u00e4 kuin min\u00e4 ja Joonatan.\u201d.<\/em><\/p>\n\n\n\n<p>Veljeni Leijonamieli on tarina, joka kertoo veljesten Joonatanin ja Kalle \u201cKorpun\u201d seikkailusta Nangijalassa hyvyyden ja pahuuden valtataistellessa. Vuodesta 1973 asti lapsiperheit\u00e4 hurmannut teos on tunnettu niin kirjaklassikkona kuin n\u00e4ytelm\u00e4ksi dramatisoituna. Mette Paloniemi pohtii nuorten n\u00e4yttelij\u00f6iden kanssa turvaa ja rohkeutta esityksess\u00e4, joka yhdist\u00e4\u00e4 nukketeatteria, projisointeja sek\u00e4 itse tuotettua \u00e4\u00e4nimaisemaa.<\/p>\n\n\n\n<p>Oletko sin\u00e4 tarpeeksi rohkea l\u00e4htem\u00e4\u00e4n matkalle, joka vie sinut pois tuntemastasi maailmasta, keskelle Nangijalaa?<\/p>\n\n\n\n<p>Esityksen kesto on noin 2,5 tuntia. V\u00e4liajalla on kahvio, josta voi ostaa pient\u00e4 purtavaa ja juotavaa. Tuotot menev\u00e4t Hirvensalon nuorisoteatterin seuraavaan produktioon.<\/p>\n\n\n\n<p>Esitys Syv\u00e4lahden monitoimitalolla<br>Osoite: Vanha Kakskerrantie 8, 20900 Turku<\/p>\n\n\n\n<p>Nordic Drama Corner valvoo teoksen esitysoikeuksia.<\/p>\n\n\n\n<p>ESITYSP\u00c4IV\u00c4T:<br>Su 1.2. klo 15 LOPPUUNMYYTY<br>Ti 3.2. klo 18<br>Pe 6.2. klo 18<br>Su 8.2. klo 15<br>Ti 10.2. klo 18<br>Pe 13.2. klo 18<br>Su 15.2. klo 15<\/p>\n\n\n\n<p>Liput esitykseen: <a href=\"\/\/biletti.fi\/e\/veljeni-leijonamieli-turku\" data-type=\"link\" data-id=\"\/\/biletti.fi\/e\/veljeni-leijonamieli-turku\">\/\/biletti.fi\/e\/veljeni-leijonamieli-turku<\/a><\/p>\n\n\n\n<p>tai QR-koodi lippukauppaan:<\/p>\n\n\n\n<figure class=\"wp-block-image size-full is-resized\"><a href=\"https:\/\/www.hirvarit.fi\/teatteri\/wp-content\/uploads\/2025\/11\/Leijonamieliqrkoodieitaustaa.png\"><img decoding=\"async\" width=\"1080\" height=\"1080\" src=\"https:\/\/www.hirvarit.fi\/teatteri\/wp-content\/uploads\/2025\/11\/Leijonamieliqrkoodieitaustaa.png\" alt=\"leijonamieliqrkoodieitaustaa\" class=\"wp-image-3664\" style=\"width:107px;height:auto\" title=\"Veljeni Leijonamieli tulossa helmikuussa!\"><\/a><\/figure>\n\n\n\n<p>ROOLIT: <br><strong>Korppu<\/strong> \u2013 Anna Niemi<br><strong>Joonatan<\/strong> \u2013 Ali Al-Hammashi<\/p>\n\n\n\n<p><strong>\u00c4iti <\/strong>&#8211; Alina Liimula<br><strong>Opettaja <\/strong>\u2013 Vida Jansson<\/p>\n\n\n\n<p><strong>Sofia<\/strong> \u2013 Senja Soini<br><strong>Jussi<\/strong> \u2013 Helmi Caselius<br><strong>Hubert <\/strong>\u2013 Alina Liimula<br><strong>Matias<\/strong> \u2013 Esko Lehtonen<br><strong>Orvar <\/strong>\u2013 Sofia Reunanen<br><strong>Elfrida<\/strong> \u2013 Juunia Marin<\/p>\n\n\n\n<p><strong>Kader <\/strong>\u2013 Elina Mieskonen<br><strong>Veder <\/strong>\u2013 Maija Jokinen<br><strong>Perttu <\/strong>\u2013 Senja Soini<\/p>\n\n\n\n<p><strong>Sotilaat\/ Vartijat<\/strong> \u2013 Wilmiina Saari, Ella Ruskeenp\u00e4\u00e4, Vilma Hacklin ja Emilia<br>Anttila<br><strong>Nainen torilla<\/strong> \u2013 Vida Jansson<\/p>\n\n\n\n<p><strong>Rimma<\/strong> \u2013 Juunia Marin<br><strong>Flajar<\/strong> \u2013 Ella Ruskeenp\u00e4\u00e4<\/p>\n\n\n\n<p>TY\u00d6RYHM\u00c4:<\/p>\n\n\n\n<p><strong>Alkuper\u00e4isteksti:<\/strong> Astrid Lindgren<\/p>\n\n\n\n<p><strong>Dramatisointi<\/strong>: Liisa Isotalo<\/p>\n\n\n\n<p><strong>Ohjaus<\/strong>: Mette Paloniemi<\/p>\n\n\n\n<p><strong>Koreografi ja laulunopettaja:<\/strong> Esteri Sepp\u00e4l\u00e4<\/p>\n\n\n\n<p><strong>Tuotanto:<\/strong> Petra Portaala, Topi Anttila ja Venla Sippola<\/p>\n\n\n\n<p><strong>Videokuvaaja\/trailerivastaava<\/strong>: Juho Luomala<\/p>\n\n\n\n<p><strong>Valokuvaaja:<\/strong> Topi Anttila<\/p>\n\n\n\n<p><strong>\u00c4\u00e4nisuunnittelu:<\/strong> Jan Lamberg<\/p>\n\n\n\n<p><strong>Valosuunnittelu<\/strong>: Joanna Hammarberg<\/p>\n\n\n\n<p><strong>Musiikkipedagogi:<\/strong> Kari M\u00e4kiranta<\/p>\n\n\n\n<p><strong>Lavastaja\/tarpeisto:<\/strong> Saija Virkkunen<\/p>\n\n\n\n<p><strong>Puvustaja:<\/strong> Venla Sippola<\/p>\n\n\n\n<p><strong>Maskeeraaja:<\/strong> Mette Paloniemi<\/p>\n\n\n\n<p><\/p>\n","protected":false},"excerpt":{"rendered":"<p>Tule ihastumaan Astrid Lindgrenin klassikkoteokseen! \u201cNyt min\u00e4 rupean kertomaan veljest\u00e4ni. Veljeni on Joonatan Leijonamieli, h\u00e4nest\u00e4 min\u00e4 kerron. T\u00e4m\u00e4 on melkein kuin satu, mutta ihan v\u00e4h\u00e4n kummitusjuttu my\u00f6s, ja silti kaikki on totta. Vaikka sit\u00e4 ei kyll\u00e4 kukaan muu tied\u00e4 kuin<\/p>\n","protected":false},"author":1,"featured_media":0,"parent":32,"menu_order":0,"comment_status":"closed","ping_status":"closed","template":"","meta":{"footnotes":""},"class_list":["post-3683","page","type-page","status-publish","hentry"],"_links":{"self":[{"href":"https:\/\/www.hirvarit.fi\/teatteri\/wp-json\/wp\/v2\/pages\/3683","targetHints":{"allow":["GET"]}}],"collection":[{"href":"https:\/\/www.hirvarit.fi\/teatteri\/wp-json\/wp\/v2\/pages"}],"about":[{"href":"https:\/\/www.hirvarit.fi\/teatteri\/wp-json\/wp\/v2\/types\/page"}],"author":[{"embeddable":true,"href":"https:\/\/www.hirvarit.fi\/teatteri\/wp-json\/wp\/v2\/users\/1"}],"replies":[{"embeddable":true,"href":"https:\/\/www.hirvarit.fi\/teatteri\/wp-json\/wp\/v2\/comments?post=3683"}],"version-history":[{"count":3,"href":"https:\/\/www.hirvarit.fi\/teatteri\/wp-json\/wp\/v2\/pages\/3683\/revisions"}],"predecessor-version":[{"id":3741,"href":"https:\/\/www.hirvarit.fi\/teatteri\/wp-json\/wp\/v2\/pages\/3683\/revisions\/3741"}],"up":[{"embeddable":true,"href":"https:\/\/www.hirvarit.fi\/teatteri\/wp-json\/wp\/v2\/pages\/32"}],"wp:attachment":[{"href":"https:\/\/www.hirvarit.fi\/teatteri\/wp-json\/wp\/v2\/media?parent=3683"}],"curies":[{"name":"wp","href":"https:\/\/api.w.org\/{rel}","templated":true}]}}