{"id":162,"date":"2015-01-20T23:11:35","date_gmt":"2015-01-20T23:11:35","guid":{"rendered":"http:\/\/www.hirvarit.fi\/teatteri\/?page_id=162"},"modified":"2021-05-16T16:09:50","modified_gmt":"2021-05-16T16:09:50","slug":"tiedotteet","status":"publish","type":"page","link":"https:\/\/www.hirvarit.fi\/teatteri\/tiedotteet\/","title":{"rendered":"Tiedotteet"},"content":{"rendered":"<h2><span style=\"color: #00ccff;\">Hirvensalon nuorisoteatterin julkaisuvapaat tiedotteet:<\/span><\/h2>\n<div class=\"entry-content clearfix\">\n<p>Tiedote 16.5.2021<\/p>\n<h2>HARJUKUJAN KISSAK\u00d6\u00d6RI P\u00c4\u00c4SEE VIIMEIN ESIINTYM\u00c4\u00c4N YLEIS\u00d6LLE!<\/h2>\n<p>Hirvensalon Nuorisoteatterin Pikkuhirvarit -ryhm\u00e4 koostuu 10-12 -vuotiaista lapsista. Ryhm\u00e4 aloitti Pekka T\u00f6p\u00f6h\u00e4nt\u00e4 -n\u00e4ytelm\u00e4n harjoittelun syksyll\u00e4 2019, silloisen ohjaajansa Loviisa Grubertin johdolla. Vain kuukautta ennen ensi-iltaa, kev\u00e4\u00e4ll\u00e4 2020\u00a0 n\u00e4ytelm\u00e4harjoitukset kuitenkin keskeytettiin koronarajoitusten vuoksi. Tuolloin viel\u00e4 luotettiin siihen, ett\u00e4 epidemia olisi ohi loppuvuoteen menness\u00e4, jolloin teatterin Nuoriso- ja Valmennusryhmien oli tarkoitus valmistautua omien tuotantojensa ensi-iltoihin. N\u00e4in ollen T\u00f6p\u00f6h\u00e4nt\u00e4 -n\u00e4ytelm\u00e4n esityskausi siirrettiin suoraan maaliskuuhun 2021.<\/p>\n<p>T\u00e4ll\u00f6in ohjaaja Grubert ei kuitenkaan en\u00e4\u00e4 kyennyt jatkamaan Pikkuhirvareiden veturina omien opiskelukiireidens\u00e4 vuoksi, ja ryhm\u00e4n uutena ohjaajana aloitti syyskaudella Kaisa Saarakkala. Uuden aikataulun my\u00f6t\u00e4 my\u00f6s osa ryhm\u00e4n alkuper\u00e4isest\u00e4 kokoonpanosta joutui lopettamaan harrastuksen, ja heid\u00e4n tilalleen otettiin n\u00e4yttelij\u00f6it\u00e4 muista teatterin ryhmist\u00e4.<\/p>\n<p>Lokakuussa teatteria kohtasi j\u00e4lleen takaisku, kun uudelleen pahenevan koronatilanteen vuoksi my\u00f6s Nuorisoryhm\u00e4n Aliisa ihmemaassa-, ja Valmennusryhm\u00e4n Petterin posse -n\u00e4ytelmien harjoittelu piti keskeytt\u00e4\u00e4 aivan loppumetreill\u00e4. Harrastustoiminnan rajoitukset eiv\u00e4t kuitenkaan koskeneet 2008 syntyneit\u00e4 ja t\u00e4t\u00e4 nuorempia lapsia, joten Pikkuhirvarit saattoivat jatkaa harjoituksiaan -nyt tosin turvav\u00e4lein ja kasvomaskein varusteltuna.<\/p>\n<p>Alkuvuodesta 2021 T\u00f6p\u00f6h\u00e4nn\u00e4n taival k\u00e4vi entist\u00e4 kuoppaisemmaksi, kun ohjaaja Saarakkala joutui lopettamaan ty\u00f6ns\u00e4 terveydellisist\u00e4 syist\u00e4. T\u00e4ll\u00f6in veturiksi ryhtyi teatterin johtaja, Minna-Stiina Saaristo-Vellinki. Samaan aikaan k\u00e4vi selv\u00e4ksi, ett\u00e4 maaliskuun ensi-ilta oli ajatuksena liian optimistinen, ja kokoontumisrajoitusten hellitt\u00e4misen toivossa esityskautta siirrettiinkin kev\u00e4\u00e4n aikana viel\u00e4 kahdesti, ensin huhtikuulle ja viimein toukokuuhun.\u00a0 Muutokset karsivat j\u00e4lleen my\u00f6s n\u00e4yttelij\u00e4kuntaa, mutta oman tuotantonsa vuoden p\u00e4\u00e4h\u00e4n menett\u00e4neest\u00e4 Valmennusryhm\u00e4st\u00e4 l\u00f6ytyi onneksi viel\u00e4 innokkaita paikkaajia, ja n\u00e4in n\u00e4ytelm\u00e4 saatettiin viimein valmistaa esityskuntoon.<\/p>\n<p>Kauan odotettua yleis\u00f6tilaisuuksien vapauttamista ei kuitenkaan tullut, vaan Turun kaupungin viimeisin kokoontumisrajoitus, max. 10 henke\u00e4 on nyt tilanne, jonka kanssa my\u00f6s Hirvareiden on elett\u00e4v\u00e4. T\u00e4rkeint\u00e4 on kuitenkin se, ett\u00e4 pian kaksi vuotta sitke\u00e4sti ja uskollisesti harjoitellut Pikkuhirvarit p\u00e4\u00e4sisi viimein esitt\u00e4m\u00e4\u00e4n ty\u00f6ns\u00e4 tuloksia my\u00f6s liveyleis\u00f6lle. N\u00e4in ollen aikav\u00e4lill\u00e4 23.-30.5. pidett\u00e4v\u00e4\u00e4n 7 esitykseen otetaan siis vain 10 katsojaa kuhunkin.\u00a0 N\u00e4yt\u00f6ksiss\u00e4 noudatetaan tarkkoja suojatoimia, ja jos kaikki kymmenen, nyt jo 11-13 vuotiasta n\u00e4yttelij\u00e4\u00e4mme vain pysyv\u00e4t tervein\u00e4, Pekka T\u00f6p\u00f6h\u00e4nt\u00e4 ja koko Harjukujan kissak\u00f6\u00f6ri ovat valmiita kohtaamaan pienen, mutta varmasti kiitollisen yleis\u00f6ns\u00e4 toukokuun lopussa!<\/p>\n<\/div>\n<h2><\/h2>\n<p>&nbsp;<\/p>\n","protected":false},"excerpt":{"rendered":"<p>Hirvensalon nuorisoteatterin julkaisuvapaat tiedotteet: Tiedote 16.5.2021 HARJUKUJAN KISSAK\u00d6\u00d6RI P\u00c4\u00c4SEE VIIMEIN ESIINTYM\u00c4\u00c4N YLEIS\u00d6LLE! Hirvensalon Nuorisoteatterin Pikkuhirvarit -ryhm\u00e4 koostuu 10-12 -vuotiaista lapsista. Ryhm\u00e4 aloitti Pekka T\u00f6p\u00f6h\u00e4nt\u00e4 -n\u00e4ytelm\u00e4n harjoittelun syksyll\u00e4 2019, silloisen ohjaajansa Loviisa Grubertin johdolla. Vain kuukautta ennen ensi-iltaa, kev\u00e4\u00e4ll\u00e4 2020\u00a0 n\u00e4ytelm\u00e4harjoitukset<\/p>\n","protected":false},"author":1,"featured_media":0,"parent":0,"menu_order":0,"comment_status":"closed","ping_status":"closed","template":"","meta":{"footnotes":""},"class_list":["post-162","page","type-page","status-publish","hentry"],"_links":{"self":[{"href":"https:\/\/www.hirvarit.fi\/teatteri\/wp-json\/wp\/v2\/pages\/162","targetHints":{"allow":["GET"]}}],"collection":[{"href":"https:\/\/www.hirvarit.fi\/teatteri\/wp-json\/wp\/v2\/pages"}],"about":[{"href":"https:\/\/www.hirvarit.fi\/teatteri\/wp-json\/wp\/v2\/types\/page"}],"author":[{"embeddable":true,"href":"https:\/\/www.hirvarit.fi\/teatteri\/wp-json\/wp\/v2\/users\/1"}],"replies":[{"embeddable":true,"href":"https:\/\/www.hirvarit.fi\/teatteri\/wp-json\/wp\/v2\/comments?post=162"}],"version-history":[{"count":30,"href":"https:\/\/www.hirvarit.fi\/teatteri\/wp-json\/wp\/v2\/pages\/162\/revisions"}],"predecessor-version":[{"id":2648,"href":"https:\/\/www.hirvarit.fi\/teatteri\/wp-json\/wp\/v2\/pages\/162\/revisions\/2648"}],"wp:attachment":[{"href":"https:\/\/www.hirvarit.fi\/teatteri\/wp-json\/wp\/v2\/media?parent=162"}],"curies":[{"name":"wp","href":"https:\/\/api.w.org\/{rel}","templated":true}]}}